-5*z - 23. Let q = z - -19. What is the remainder when q is divided by 13?
11
Let o(x) = -3*x - 12. Let s be o(-4). Calculate the remainder when 69 is divided by (-6)/3 - s - -36 - -3.
32
Let k be 3/6 + (-5)/10. Suppose u - 3*w + 5 = k, -6 = 2*u + 2*u + 2*w. Let n(s) = -3*s**3 - s**2 - 3*s - 1. Calculate the remainder when n(u) is divided by 9.
7
Let n = 32 + -28. Suppose 5*i - d = 20 + 205, 3*i - 112 = -n*d. What is the remainder when 129 is divided by i?
41
Let c be (-150)/4*36/(-27). Let p = c + -34. What is the remainder when p is divided by 26/91 + 40/7?
4
Let z = 273 - 247. Calculate the remainder when 93 is divided by z.
15
Let c(o) = -16*o + 62. Calculate the remainder when c(3) is divided by 7.
0
Suppose 0 = -7*k + 5*k - 2*p + 88, 0 = 4*k - 4*p - 208. Calculate the remainder when 233 is divided by k.
41
Let f be (-2)/(-5) + 444/(-10). Let d = f + 79. What is the remainder when 67 is divided by d?
32
Suppose -60*r - r + 1464 = 0. Calculate the remainder when r is divided by 14.
10
Suppose 16 = 7*a - 11*a, 2*x = 2*a + 2. What is the remainder when 130 is divided by (-2 + 2/(-1))*x?
10
Let a be (-2 - 2 - -2)/(6/177). Let y = 65 + a. What is the remainder when 30 is divided by y?
0
Suppose -27*i + 1044 = 2*i. What is the remainder when i is divided by 14?
8
Suppose 5*b = -0*b + 3*i + 205, -2*b - 4*i = -108. Calculate the remainder when 129 is divided by b.
41
Let i = 93 + -69. Suppose 4*s - 96 = -2*q, 0 = -14*q + 13*q + 4*s + i. What is the remainder when q is divided by 25?
15
Let h(s) = s - 1. Suppose -5*i = 4*z - 15, 3*i + 3*z = 8*z + 9. Let k be h(i). Suppose -k*x + x + 10 = 0. Calculate the remainder when 17 is divided by x.
7
Let a(j) be the first derivative of -j**2 + 15*j + 7. What is the remainder when 113 is divided by a(-7)?
26
Suppose -220*t + 219*t = -13. What is the remainder when 24 is divided by t?
11
Let u(o) = -o**2 + 18*o - 3. Suppose -2*h - 2*h + 108 = 0. Suppose -5*p + h = 2. What is the remainder when u(p) is divided by 13?
10
Suppose 19*r = 8*r - 1210. Let j = 114 + r. Calculate the remainder when 12 is divided by j.
0
Let x(o) = -o**2 + 5*o - 4. Let b be x(2). What is the remainder when 92 is divided by 43/b - 10/(-4)?
20
Let i(c) be the first derivative of 3*c**2/2 - 15*c + 205. Let z = -9 + 16. What is the remainder when i(z) is divided by 2?
0
Let y(j) = -j**2 - 3*j + 1. Let g(d) = d**2 + 3*d - 2. Let m(l) = 3*g(l) + 2*y(l). Let p be m(-3). What is the remainder when 8 is divided by p/22 - (-711)/99?
1
Suppose -2*k + 2*f = -76, 85 + 14 = 3*k + 2*f. Calculate the remainder when 425 is divided by k.
5
Let z(b) = 2*b**2 - 3*b + 5. Suppose -8 = 4*j - 3*k, 0*k = 4*j + 5*k + 8. Let r be 1/j + (-9)/(-2). Calculate the remainder when 97 is divided by z(r).
22
Calculate the remainder when (-20 + 225/30)/(2/(-12)) is divided by 45.
30
Suppose 0 = -1368*x + 1373*x - 10. What is the remainder when 9 is divided by x?
1
Suppose 4*c = 2*c. Let j(n) = -n**3 - n**2 + 20. Calculate the remainder when 38 is divided by j(c).
18
Let c be (1 - 4) + 7 + 2. Let k be c/(4/2) - 11. What is the remainder when 88 is divided by 10/(-40) + (-242)/k?
28
Suppose 0 = 2*g - g - n - 120, -118 = -g + 2*n. Calculate the remainder when g is divided by 9.
5
Let t = 0 + -3. Let k(x) = -2*x + 16. What is the remainder when 107 is divided by k(t)?
19
Suppose 0*a - 3*r = 4*a + 22, -5*a = 4*r + 28. What is the remainder when 33 is divided by (-32)/a - (0 - 1)?
6
What is the remainder when 238 is divided by ((-34)/((-680)/30))/(1/10)?
13
Suppose -7*j + 2*j = -3*u - 8, 0 = j - 3*u + 8. Let x(g) = -g**3 - g**2 - g + 8. What is the remainder when x(0) is divided by j?
0
Suppose -o = 5*k - 300, -35 = k + 2*o - 104. Let g be 4/16 - k/(-4). Let r = g - 3. Calculate the remainder when 22 is divided by r.
10
What is the remainder when 418 is divided by (-17)/(-34)*((-2)/2 - -121)?
58
Let h be ((-21)/(-9))/(2/42). Let s be (-2 - 2) + (36 - 4). Let x = h + s. What is the remainder when x is divided by 20?
17
Let q(v) be the third derivative of -v**4/24 - 3*v**3/2 + 2*v**2. Let r be q(-13). Suppose -y - 21 = -r*y. Calculate the remainder when 12 is divided by y.
5
Let i(y) = 32*y**2 + y - 1. Let u be i(1). Suppose -2*d = 4*a - 36, -5*d = 5*a - u - 38. What is the remainder when 48 is divided by d?
8
Let a(k) = -3*k**2 - 6*k**3 - 4*k + 0*k**2 + k + k. Calculate the remainder when 6 is divided by a(-1).
1
Let y = -42 + 45. Suppose -y*t - t = j - 11, -4*t + 44 = 4*j. Calculate the remainder when j is divided by 5.
1
Suppose 6*o + 43 = 109. Calculate the remainder when 180 is divided by o.
4
Let j(p) = p**3 - 13*p**2 + 12*p - 1. Let q(x) = -3*x**3 + 39*x**2 - 37*x + 3. Let u(i) = -8*j(i) - 3*q(i). Calculate the remainder when u(12) is divided by 19.
16
Let k(c) = c**3 - 11*c**2 + 9*c - 7. Let v(i) = 2*i**3 - 23*i**2 + 19*i - 14. Let o(r) = -9*k(r) + 4*v(r). Calculate the remainder when 94 is divided by o(5).
30
Let a = -355 + 406. Calculate the remainder when 203 is divided by a.
50
Let q(o) = 4*o**2 - 4*o + 4. Let a be q(1). Suppose 68 = -0*s + a*s. Calculate the remainder when 118 is divided by s.
16
Suppose -4*h = -t + 4*t + 279, h + t + 70 = 0. Let k = h + 139. What is the remainder when k is divided by 24?
22
Let n(d) = 8*d - 119. Calculate the remainder when n(37) is divided by 20.
17
Let z be 0 - (-3)/((-6)/4). Calculate the remainder when 42 is divided by 12 - z/((-6)/9).
6
Suppose -102 = -52*u + 46*u. Calculate the remainder when 42 is divided by u.
8
Let t = 261 + -194. Calculate the remainder when t is divided by 14.
11
Suppose 3 + 5 = -4*q, 2*g + 4*q = -4. What is the remainder when 82 is divided by (-6 - -69)*g/6?
19
Let d(y) = -15*y - 12. Let q(a) = -a**3 + a - 7. Let x be q(0). Calculate the remainder when d(x) is divided by 24.
21
Let y(l) = -2*l + 4. Let g(i) = -3*i + 4. Let w(a) = 4*g(a) - 3*y(a). What is the remainder when 752/18 + (-10)/(-45) is divided by w(-3)?
20
Let v(n) = -n**3 + 29*n**2 + 34*n - 75. What is the remainder when v(30) is divided by 16?
13
Suppose -217*p - 86 = -219*p. What is the remainder when 234 is divided by p?
19
Let p = 5 - 2. Let t(c) = 6 - 8 + 9 + p*c. What is the remainder when t(5) is divided by 6?
4
Let q = -2964 - -2989. What is the remainder when (1/(-1))/((-2)/138) is divided by q?
19
Let y(a) = 2*a**2 + 9*a - 1. Let m(s) = 4*s + 133. Calculate the remainder when m(0) is divided by y(-7).
31
Let z(b) = b**3 + 8*b**2 + 10*b + 9. Let u(k) be the third derivative of 5*k**4/2 + k**3/6 + 4*k**2. What is the remainder when u(1) is divided by z(-6)?
19
Suppose -d - 4 = d + 4*y, -d + 19 = -5*y. Suppose -3 = -n + d*v + 8, -13 = -n + 5*v. Calculate the remainder when 6 is divided by n.
0
Let a = 6 - 5. Let i = -2 - -6. What is the remainder when ((-22)/(2 - 4))/a is divided by i?
3
Let g = 69 - 26. Let b = g - -14. What is the remainder when b is divided by 20?
17
Calculate the remainder when (13 - 15)*(-438)/4 is divided by 104.
11
Let b(m) = 6*m**2 - m - 1. Suppose 2*q + 8 = 12. What is the remainder when 60 is divided by b(q)?
18
Suppose -406 = -16*i - 198. Suppose -4*z + 285 = z. Calculate the remainder when z is divided by i.
5
Let u(z) = 10*z - 3. Let a be (6/9)/(13/6 + -2). Suppose 0 = -5*c - a*h + 34, -c - 2*h + 26 = -6*h. What is the remainder when u(2) is divided by c?
7
What is the remainder when (-442233)/(-429) + 2*1/13 is divided by 47?
44
Let h = -33 + 49. Calculate the remainder when (1/(-3))/(h/(-288)) is divided by 4.
2
Let s(r) = 27 - 3 + r**2 - 2 + 5 + r. What is the remainder when (-7)/((-7)/78) + 2 is divided by s(0)?
26
What is the remainder when 27 is divided by 3/12 + (-645)/(-60)?
5
Suppose 99*n - 7*n = 7728. Calculate the remainder when n is divided by 138/8 - (-2)/(-8).
16
Let s = 37 - 35. Suppose 0 = -4*x + 9*x + 20, 2*q - s*x = 52. Calculate the remainder when 195 is divided by q.
19
Let s(m) be the third derivative of -m**5/60 + m**4/6 - m**3/3 + 5*m**2. Let g be s(4). What is the remainder when 23 is divided by 7/(7/(-6))*g?
11
Let f(b) = -2*b + 19. Suppose -5*x + 35 = -2*w, 15 + 30 = 5*x - 4*w. Suppose 9 = x*u - 36. Calculate the remainder when u is divided by f(7).
4
Let b(p) = 2*p - 67. Let u(x) = 34*x. What is the remainder when u(4) is divided by b(51)?
31
Let t = 1121 - 1085. Calculate